ndreds digit of 6775464?
4
What is the thousands digit of 10934?
0
What is the hundred thousands digit of 2614424?
6
What is the ten thousands digit of 215297?
1
What is the hundred thousands digit of 4394146?
3
What is the hundreds digit of 3041852?
8
What is the ten thousands digit of 11704930?
0
What is the units digit of 1670468?
8
What is the ten thousands digit of 2324359?
2
What is the hundred thousands digit of 5748085?
7
What is the tens digit of 23684153?
5
What is the ten thousands digit of 1738671?
3
What is the hundred thousands digit of 3214920?
2
What is the ten thousands digit of 814933?
1
What is the millions digit of 10196709?
0
What is the tens digit of 9117210?
1
What is the hundred thousands digit of 346061?
3
What is the thousands digit of 2797427?
7
What is the hundreds digit of 979132?
1
What is the tens digit of 93179?
7
What is the hundred thousands digit of 3095761?
0
What is the tens digit of 6735621?
2
What is the tens digit of 25991093?
9
What is the ten thousands digit of 285710?
8
What is the ten millions digit of 18603849?
1
What is the thousands digit of 283222?
3
What is the units digit of 35882669?
9
What is the ten thousands digit of 259531?
5
What is the tens digit of 662060?
6
What is the tens digit of 393726?
2
What is the ten thousands digit of 3227329?
2
What is the tens digit of 2595293?
9
What is the units digit of 1267544?
4
What is the units digit of 9539018?
8
What is the ten millions digit of 11403880?
1
What is the hundred thousands digit of 2280663?
2
What is the ten thousands digit of 515375?
1
What is the hundred thousands digit of 1334844?
3
What is the thousands digit of 107158?
7
What is the hundreds digit of 363267?
2
What is the hundreds digit of 1169289?
2
What is the thousands digit of 32000550?
0
What is the ten thousands digit of 1904667?
0
What is the tens digit of 238295?
9
What is the units digit of 52255?
5
What is the hundreds digit of 15713985?
9
What is the thousands digit of 173465?
3
What is the millions digit of 13338602?
3
What is the hundred thousands digit of 7491071?
4
What is the thousands digit of 3953033?
3
What is the ten thousands digit of 237326?
3
What is the units digit of 64257?
7
What is the tens digit of 3545388?
8
What is the hundreds digit of 97985?
9
What is the ten thousands digit of 6544036?
4
What is the ten thousands digit of 406482?
0
What is the ten thousands digit of 29882?
2
What is the units digit of 8283445?
5
What is the tens digit of 1665007?
0
What is the thousands digit of 645861?
5
What is the units digit of 195845?
5
What is the tens digit of 313582?
8
What is the thousands digit of 846503?
6
What is the hundred thousands digit of 374439?
3
What is the millions digit of 9606208?
9
What is the tens digit of 329288?
8
What is the tens digit of 113714?
1
What is the hundreds digit of 602552?
5
What is the tens digit of 98756?
5
What is the hundred thousands digit of 1327276?
3
What is the ten thousands digit of 2208009?
0
What is the hundreds digit of 3663267?
2
What is the tens digit of 3071815?
1
What is the hundred thousands digit of 1592805?
5
What is the hundreds digit of 98077?
0
What is the ten thousands digit of 126577?
2
What is the hundred thousands digit of 115627?
1
What is the hundred thousands digit of 277238?
2
What is the units digit of 427282?
2
What is the units digit of 991235?
5
What is the hundreds digit of 2973488?
4
What is the ten thousands digit of 38096?
3
What is the tens digit of 2356050?
5
What is the units digit of 4111673?
3
What is the thousands digit of 99822?
9
What is the hundreds digit of 7104883?
8
What is the ten thousands digit of 255425?
5
What is the thousands digit of 136068?
6
What is the hundreds digit of 10131?
1
What is the tens digit of 275262?
6
What is the hundred thousands digit of 7332137?
3
What is the hundreds digit of 694992?
9
What is the millions digit of 1835873?
1
What is the units digit of 37030?
0
What is the hundreds digit of 843154?
1
What is the thousands digit of 185166?
5
What is the hundred thousands digit of 353754?
3
What is the ten thousands digit of 13932266?
3
What is the hundreds digit of 796278?
2
What is the ten thousands digit of 2980792?
8
What is the millions digit of 19411426?
9
What is the hundreds digit of 351319?
3
What is the hundred thousands digit of 7616093?
6
What is the hundred thousands digit of 486604?
4
What is the hundred thousands digit of 17250182?
2
What is the thousands digit of 580396?
0
What is the units digit of 5579462?
2
What is the units digit of 602366?
6
What is the units digit of 1268716?
6
What is the units digit of 649800?
0
What is the tens digit of 199324?
2
What is the ten thousands digit of 2676849?
7
What is the thousands digit of 7176215?
6
What is the millions digit of 1798311?
1
What is the units digit of 12291429?
9
What is the thousands digit of 180180?
0
What is the units digit of 3844378?
8
What is the hundred thousands digit of 378840?
3
What is the hundreds digit of 2963540?
5
What is the hundred thousands digit of 1528213?
5
What is the thousands digit of 109822?
9
What is the millions digit of 2930362?
2
What is the hundreds digit of 4575821?
8
What is the tens digit of 104013?
1
What is the ten thousands digit of 14564151?
6
What is the units digit of 5716433?
3
What is the units digit of 1304762?
2
What is the ten thousands digit of 6901367?
0
What is the hundred thousands digit of 121227?
1
What is the units digit of 362979?
9
What is the hundred thousands digit of 271862?
2
What is the hundred thousands digit of 2435744?
4
What is the hundreds digit of 75595?
5
What is the hundreds digit of 4000083?
0
What is the ten thousands digit of 774805?
7
What is the tens digit of 199128?
2
What is the hundred thousands digit of 208939?
2
What is the ten thousands digit of 632705?
3
What is the units digit of 1437176?
6
What is the tens digit of 375570?
7
What is the hundred thousands digit of 664962?
6
What is the units digit of 388912?
2
What is the millions digit of 11018577?
1
What is the ten millions digit of 17530177?
1
What is the units digit of 593568?
8
What is the ten thousands digit of 1741419?
4
What is the hundreds digit of 169868?
8
What is the hundreds digit of 5020?
0
What is the thousands digit of 6171095?
1
What is the hundreds digit of 7053?
0
What is the hundreds digit of 238237?
2
What is the tens digit of 51952?
5
What is the ten thousands digit of 8672770?
7
What is the hundreds digit of 54915?
9
What is the hundred thousands digit of 411101?
4
What is the millions digit of 2857234?
2
What is the units digit of 1544354?
4
What is the units digit of 1939365?
5
What is the tens digit of 5603027?
2
What is the millions digit of 4924446?
4
What is the thousands digit of 553996?
3
What is the ten thousands digit of 11933140?
3
What is the hundreds digit of 180354?
3
What is the ten thousands digit of 38207950?
0
What is the ten thousands digit of 1421783?
2
What is the units digit of 28982712?
2
What is the units digit of 126732?
2
What is the units digit of 3268121?
1
What is the thousands digit of 185450?
5
What is the ten thousands digit of 1553693?
5
What is the tens digit of 40710?
1
What is the thousands digit of 6375282?
5
What is the hundred thousands digit of 21495909?
4
What is the tens digit of 174469?
6
What is the tens digit of 10701645?
4
What is the thousands digit of 6169359?
9
What is the hundred thousands digit of 135782?
1
What is the millions digit of 2310730?
2
What is the thousands digit of 203294?
3
What is the thousands digit of 631395?
1
What is the units digit of 1645540?
0
What is the units digit of 189117?
7
What is the millions digit of 7118304?
7
What is the units digit of 180127?
7
What is the hundreds digit of 3418758?
7
What is the thousands digit of 582067?
2
What is the ten thousands digit of 39246?
3
What is the millions digit of 2567305?
2
What is the millions digit of 6653998?
6
What is the hundreds digit of 643835?
8
What is the units digit of 4216828?
8
What is the thousands digit of 403652?
3
What is the ten thousands digit of 212496?
1
What is the ten thousands digit of 10190919?
9
What is the hundred thousands digit of 182242?
1
What is the tens digit of 425119?
1
